digit of 84026540?
2
What is the thousands digit of 824145868?
5
What is the billions digit of 4399703751?
4
What is the tens digit of 384232371?
7
What is the hundreds digit of 73667984?
9
What is the hundred thousands digit of 56000287?
0
What is the hundred thousands digit of 298908280?
9
What is the hundred thousands digit of 77370240?
3
What is the billions digit of 1868165182?
1
What is the units digit of 62775720?
0
What is the units digit of 1653595770?
0
What is the hundred thousands digit of 7182824227?
8
What is the hundred thousands digit of 1498676495?
6
What is the millions digit of 51659693?
1
What is the units digit of 140002325?
5
What is the hundreds digit of 2513436962?
9
What is the millions digit of 564471044?
4
What is the units digit of 155311836?
6
What is the hundred thousands digit of 13777184?
7
What is the ten thousands digit of 651270657?
7
What is the units digit of 4865441953?
3
What is the hundreds digit of 1833185791?
7
What is the hundred millions digit of 955784358?
9
What is the ten millions digit of 399467842?
9
What is the hundred thousands digit of 280263121?
2
What is the hundred thousands digit of 82558583?
5
What is the ten millions digit of 25748370?
2
What is the hundred thousands digit of 1983831375?
8
What is the units digit of 6288030477?
7
What is the ten millions digit of 103150722?
0
What is the hundreds digit of 4158436517?
5
What is the hundreds digit of 51203389?
3
What is the tens digit of 30509311?
1
What is the tens digit of 85605760?
6
What is the units digit of 1257138802?
2
What is the hundreds digit of 163105936?
9
What is the tens digit of 27121382?
8
What is the units digit of 7441962563?
3
What is the tens digit of 135665784?
8
What is the hundred thousands digit of 111916986?
9
What is the hundred millions digit of 1464628704?
4
What is the millions digit of 90478219?
0
What is the units digit of 10743536?
6
What is the hundred millions digit of 112638040?
1
What is the millions digit of 60949910?
0
What is the hundreds digit of 128566135?
1
What is the units digit of 125143950?
0
What is the hundred millions digit of 816565365?
8
What is the units digit of 1356388726?
6
What is the millions digit of 341120607?
1
What is the thousands digit of 59095330?
5
What is the millions digit of 120467290?
0
What is the tens digit of 215635609?
0
What is the ten thousands digit of 3070838966?
3
What is the millions digit of 40853192?
0
What is the millions digit of 58599319?
8
What is the hundred thousands digit of 18313842?
3
What is the ten millions digit of 389068527?
8
What is the ten thousands digit of 126062958?
6
What is the ten millions digit of 23663983?
2
What is the units digit of 431723805?
5
What is the millions digit of 96819180?
6
What is the ten millions digit of 319776963?
1
What is the millions digit of 459985604?
9
What is the tens digit of 204074340?
4
What is the millions digit of 126878475?
6
What is the hundreds digit of 1742593715?
7
What is the tens digit of 109185763?
6
What is the millions digit of 6499914?
6
What is the hundred thousands digit of 25382148?
3
What is the thousands digit of 28235241?
5
What is the units digit of 5561713435?
5
What is the hundred millions digit of 2881490975?
8
What is the ten thousands digit of 1115440428?
4
What is the ten thousands digit of 78381712?
8
What is the billions digit of 2479806866?
2
What is the hundred thousands digit of 98839072?
8
What is the ten millions digit of 1611664067?
1
What is the ten thousands digit of 3768514?
6
What is the hundred thousands digit of 5521911102?
9
What is the hundreds digit of 1063255553?
5
What is the thousands digit of 21949641?
9
What is the tens digit of 32174903?
0
What is the ten thousands digit of 1318849682?
4
What is the hundred millions digit of 5843607865?
8
What is the hundreds digit of 312028520?
5
What is the ten thousands digit of 734826396?
2
What is the ten thousands digit of 8635712709?
1
What is the hundred thousands digit of 1060185451?
1
What is the hundred millions digit of 640862879?
6
What is the hundred thousands digit of 2833280880?
2
What is the thousands digit of 1078518313?
8
What is the units digit of 4957812179?
9
What is the hundreds digit of 2864579853?
8
What is the hundreds digit of 8346678622?
6
What is the tens digit of 40365439?
3
What is the ten thousands digit of 4070056888?
5
What is the thousands digit of 11828612?
8
What is the hundreds digit of 187308808?
8
What is the thousands digit of 243452637?
2
What is the hundreds digit of 143371636?
6
What is the ten millions digit of 45853772?
4
What is the hundreds digit of 70561153?
1
What is the ten millions digit of 33523850?
3
What is the hundred thousands digit of 53766046?
7
What is the ten thousands digit of 11339710?
3
What is the tens digit of 511254650?
5
What is the hundreds digit of 257931737?
7
What is the tens digit of 71364152?
5
What is the ten millions digit of 1519055955?
1
What is the units digit of 58392739?
9
What is the millions digit of 4840115?
4
What is the hundred thousands digit of 40196136?
1
What is the millions digit of 53341777?
3
What is the hundred thousands digit of 18801918?
8
What is the billions digit of 1005594065?
1
What is the hundred thousands digit of 14470507?
4
What is the billions digit of 2053262299?
2
What is the hundred thousands digit of 262512434?
5
What is the hundreds digit of 27715804?
8
What is the tens digit of 2519143666?
6
What is the hundred millions digit of 2216852939?
2
What is the tens digit of 203514047?
4
What is the millions digit of 27841490?
7
What is the units digit of 7635217?
7
What is the millions digit of 53436401?
3
What is the thousands digit of 965224289?
4
What is the hundreds digit of 6884264373?
3
What is the ten millions digit of 858294680?
5
What is the units digit of 847048107?
7
What is the millions digit of 10308679?
0
What is the hundred thousands digit of 148972134?
9
What is the thousands digit of 645410550?
0
What is the hundred thousands digit of 12159668?
1
What is the hundred thousands digit of 342179441?
1
What is the tens digit of 5084013605?
0
What is the tens digit of 1771342160?
6
What is the hundreds digit of 2894956?
9
What is the millions digit of 289946043?
9
What is the ten thousands digit of 99106012?
0
What is the hundred millions digit of 2646881262?
6
What is the hundreds digit of 2808356912?
9
What is the hundreds digit of 474421895?
8
What is the tens digit of 87090130?
3
What is the ten millions digit of 4064258692?
6
What is the ten thousands digit of 2609315149?
1
What is the hundred millions digit of 5383440035?
3
What is the hundreds digit of 1350280571?
5
What is the ten thousands digit of 36084378?
8
What is the hundred thousands digit of 62691033?
6
What is the units digit of 132961463?
3
What is the tens digit of 190476582?
8
What is the hundreds digit of 3668590377?
3
What is the millions digit of 321049074?
1
What is the millions digit of 75457062?
5
What is the tens digit of 7851697?
9
What is the tens digit of 201994124?
2
What is the millions digit of 815514339?
5
What is the units digit of 521983186?
6
What is the ten thousands digit of 111066867?
6
What is the ten thousands digit of 2345947414?
4
What is the units digit of 458590510?
0
What is the millions digit of 98021770?
8
What is the hundreds digit of 3930410675?
6
What is the units digit of 93567808?
8
What is the hundreds digit of 26524412?
4
What is the millions digit of 53048966?
3
What is the hundred thousands digit of 51640129?
6
What is the hundred millions digit of 6110032990?
1
What is the hundred thousands digit of 508243878?
2
What is the ten thousands digit of 3616713457?
1
What is the tens digit of 94541657?
5
What is the units digit of 1042413498?
8
What is the hundreds digit of 2125132881?
8
What is the hundred thousands digit of 30541716?
5
What is the millions digit of 13696292?
3
What is the hundreds digit of 1092622001?
0
What is the hundred thousands digit of 51680793?
6
What is the hundred millions digit of 4917540360?
9
What is the units digit of 10874417?
7
What is the tens digit of 42149002?
0
What is the thousands digit of 88930935?
0
What is the ten thousands digit of 150393833?
9
What is the ten 